2, 3, 5
Let w be 2/6 - 2546/12*2. What are the prime factors of ((-1)/((-10)/w))/(50/(-125))?
2, 53
Let i(r) = -r**2 + 30*r - 118. List the prime factors of i(24).
2, 13
Suppose 246*t - 824 = 242*t. What are the prime factors of t?
2, 103
Let v be 150 + 4/5 + 4/20. Let w = -76 + v. What are the prime factors of w?
3, 5
Let y(v) = -3*v - 14. Let a be y(-6). Suppose 3*p + 5*g - 271 = 0, -4*p - 2*g + a*g = -344. What are the prime factors of p?
3, 29
List the prime factors of 5/15*984/(2 + 0).
2, 41
Let m = -85 - -84. Let s(l) = -166*l**3 - 4*l**2 - 2*l. What are the prime factors of s(m)?
2, 41
List the prime factors of (-3013)/(-9) - (3 - 145/45).
5, 67
Let k = -481 + 840. What are the prime factors of k?
359
Suppose 406*x = 398*x + 800. List the prime factors of x.
2, 5
List the prime factors of 1/((-11)/437470*-10).
41, 97
List the prime factors of 326/(-4)*(-18)/6*2.
3, 163
List the prime factors of (1 - 0)/(-3*(-3)/549).
61
Suppose -15 = w - 5*x - 151, 5*x = -4*w + 569. Let u = w + -88. List the prime factors of u.
53
Let o(v) = 4*v**2 - 5*v - 38. Let k be o(4). Let y(w) be the first derivative of -w**3/3 + 15*w**2/2 - 8*w + 1. List the prime factors of y(k).
2, 23
Let c be (2/(-1) + -4)/(2 - 0). What are the prime factors of (-132)/c + -1 + 2?
3, 5
Let n be -2 + 1 - (-83 + 7). Suppose 4*l = 4*k + 348, 4*k - n = 5*k + 2*l. Let v = -43 - k. List the prime factors of v.
2, 5
Let r = -21 + 22. Let t be ((-6)/(-9))/(r/360). Suppose -3*i + 35 = -4*f - 109, -t = -5*i + 4*f. List the prime factors of i.
2, 3
Suppose 98*x = 88*x + 790. What are the prime factors of x?
79
Suppose 2*c - 25 = 7*c, 2*c + 2116 = 3*v. Let a = 993 - v. What are the prime factors of a?
3, 97
Let y(r) = r**3 + 10*r**2 + 9*r + 4. Let f be y(-9). What are the prime factors of 28/f - (4 + -1)?
2
Let k(h) = 496*h + 33. What are the prime factors of k(8)?
4001
Let j(w) = 1771*w + 18. List the prime factors of j(1).
1789
List the prime factors of ((-10552)/10)/(-5 + (-345)/(-75)).
2, 1319
Let g(c) = 2*c - 21. Let a be g(13). Suppose a*j + 2*b = 158, -5*b - 143 = -5*j + 22. List the prime factors of j.
2
Suppose 0 = -4*l + 2*u - 4, -2*l - 4 = -3*u - 2. Let x be (-1 - l) + 31 - -3. Suppose -5*y = -x - 46. What are the prime factors of y?
2
Let l = -20 + 25. Suppose -4*m + 762 = -0*m + l*a, 187 = m + 3*a. What are the prime factors of m?
193
Let t = 1 + 3. Suppose -10 + t = g. Let v(h) = -4*h - 4. List the prime factors of v(g).
2, 5
Suppose -5*k = -k - 72. Let w = k + -29. Let i = w - -13. What are the prime factors of i?
2
Let b(s) = -5*s**2 - 32*s - 11. Let i be b(-6). What are the prime factors of 1752/32*i*4?
3, 73
Suppose 6*f + 55 = 11*f. Let q(m) = -2 + 1 + 5 + 2*m. List the prime factors of q(f).
2, 13
Let i = -1377 - -2160. What are the prime factors of i?
3, 29
Let b(p) = -p**3 - 9*p**2 - 9*p - 3. Let u(t) = -3*t + 3*t + 8 + 4*t. Let x be u(-4). List the prime factors of b(x).
5
Suppose -8*g + 6528 = -5*g - 3*a, a = 2*g - 4357. What are the prime factors of g?
3, 727
List the prime factors of (1 - -23)/(-6) + 124 + 1.
11
Let m(a) = -19 + a + 27 + 0*a. Suppose 5*f + 15 = -15. List the prime factors of m(f).
2
Suppose 13*c = -0*c - 78. Let p(y) = -29*y - 11. What are the prime factors of p(c)?
163
Let m(t) = -4 + 5 - 3*t - 7. Let p be 14 - 14 - (4 + -1). List the prime factors of m(p).
3
Let z(n) = -n**2 + 23*n - 24. Let r be z(22). List the prime factors of 18 - 1/(r/4).
2, 5
Let y(q) = 2*q**2 - 3*q + 0 + 3 - q. Let u be y(2). Suppose -3*k = 4*l - 67, -3*k + u*l = -0*k - 60. List the prime factors of k.
3, 7
Suppose 0 = -6*y + 3*y + 9. Suppose 2*m - 6 = 0, 0 = -4*i + i - y*m + 147. List the prime factors of i.
2, 23
List the prime factors of -5 + 0 + ((-5094)/(-1))/9.
3, 11, 17
Suppose -5*j + 260 = -0*j. Let v = 17 + 10. Let w = j - v. List the prime factors of w.
5
Let h = 58 - 54. Let k(n) = -1. Let d(g) = -g**3 + 5*g**2 - 6*g - 3. Let w(r) = -d(r) + 3*k(r). List the prime factors of w(h).
2
Let c = 209 - 93. Suppose 6*s - 632 = -c. List the prime factors of s.
2, 43
Suppose 3*z - 365 = 4*y, 2*z = 4*y - 0*y + 246. Let t = -44 + z. Suppose -o - 9 = -2*o - 4*v, 5*o = -5*v + t. List the prime factors of o.
17
Suppose t - 212 = -3*g + 57, 3*t = 4*g + 742. Suppose -2*v + t = 4*f, -5*v = 5*f - v - 310. What are the prime factors of f?
2, 3, 11
Let j(a) = a**3 - 2*a**2 - 4. Let c be j(3). Suppose 4*b = 3*x - 75, 3*b - c*x + 14 = -45. Let f = 21 + b. What are the prime factors of f?
3
Let s be -1*(1 - -3 - 3). List the prime factors of (-13)/(-39)*(-45)/s.
3, 5
Suppose -954*v + 960*v = 39108. List the prime factors of v.
2, 3259
Suppose 28*l = 19*l + 7821. List the prime factors of l.
11, 79
Let g = -490 - -1527. Suppose -g = 7*h - 3200. List the prime factors of h.
3, 103
Suppose 2*w = -g - 119 + 357, -114 = -w - 3*g. Let o = 43 + 35. Let u = w - o. List the prime factors of u.
2, 3, 7
Let m be 54/12 - 2/4. Let r = 4 + -1. Suppose r*o + m*b = 86, 5*o - b = 6 + 145. List the prime factors of o.
2, 3, 5
Let v = -4251 + 7960. What are the prime factors of v?
3709
Suppose -3*h = 5*u - 149, -u + 104 = 2*h - 0*h. Let i = h - 20. What are the prime factors of i?
3, 11
List the prime factors of -7 + 13 + -5 + 1991.
2, 3, 83
Let c(h) = 1435*h - 96. List the prime factors of c(2).
2, 19, 73
Suppose 3*p + 2*c - 90 = 29, 5*p - 209 = 2*c. Let g = -13 + p. What are the prime factors of g?
2, 7
Let f = 96 + -92. Suppose 4*i - 151 = -l, f*l + 3*i - 363 = 267. What are the prime factors of l?
3, 53
Suppose 3*w = 28 + 35. Suppose -4*t + 93 - w = 0. Suppose -20 = -2*p + t. What are the prime factors of p?
19
Let b be 0/(1 - (-1 + 1)). Suppose 0 = d - b + 1. Let g(f) = -32*f - 1. List the prime factors of g(d).
31
Let o(v) be the first derivative of v**4/4 - 5*v**3/3 + 7*v + 5. Let t be 2 + -1 - (-2 + -2). List the prime factors of o(t).
7
What are the prime factors of (-38)/152 + 3274/8?
409
Suppose 4*y = 2*y - 20. List the prime factors of (-4)/y*(-65)/(-1).
2, 13
Suppose 51*u - 42601 = 22*u. List the prime factors of u.
13, 113
Let y = 88 + 105. Let w = y - 137. List the prime factors of w.
2, 7
List the prime factors of 6/69 - 27776/(-92).
2, 151
Suppose -6*n + 1672 + 2348 = 0. What are the prime factors of n?
2, 5, 67
Let z = 158 + 25. Let w = -29 + z. List the prime factors of w.
2, 7, 11
Suppose d + 4*n - 2084 = 0, 8*d - 3*n - 4179 = 6*d. What are the prime factors of (1 - -1)/(24/d)?
2, 3, 29
Suppose 0 = k - 3*k. Suppose k = -3*p + p + 480. Suppose -r + p = 5*r. List the prime factors of r.
2, 5
Let x(g) = 44*g**2 - 14*g + 23. List the prime factors of x(2).
3, 19
Suppose 0 = 5*f + 2*b - 4 - 3, -23 = -f + 5*b. Suppose f*s + 45 - 189 = 0. What are the prime factors of s?
2, 3
Let q = -2045 + 3760. What are the prime factors of q?
5, 7
Suppose 16*f = -21*f + 28305. What are the prime factors of f?
3, 5, 17
Suppose m - 17 - 1 = 0. Suppose -6*l + 3*l + 28 = -4*x, -3*x - m = -2*l. What are the prime factors of l?
2, 3
Suppose 44*j + 11*j = 103675. List the prime factors of j.
5, 13, 29
Suppose 1144 = 5*y + 339. What are the prime factors of y?
7, 23
What are the prime factors of (-15 + 15 - 15)/(2/(-86))?
3, 5, 43
Let q be 3 + (488/4 - -1). Let f be q/(-12) + (-1)/(-2). Let k = -2 - f. List the prime factors of k.
2
Let p(s) be the third derivative of -7*s**4/24 + 4*s**2. Let l be p(-1). Let w = 20 - l. List the prime factors of w.
13
Suppose -3*n - 2*n = -5*c - 75, -21 = -n - 5*c. Suppose -b = -3*p + n, 3*p + 83 = -2*b + 6. Let t = 72 + b. List the prime factors of t.
41
Suppose -3101 = -5*m + 2434. List the prime factors of m.
3, 41
Let n(o) = o**3 + 2*o**2 - 3*o - 1. Let f be n(3). Let g(c) = -7*c - 38. Let l be g(-8). Let p = f - l. What are the prime factors of p?
17
Let h(u) be the third derivative of u**6/120 - u**5/10 - u**4/4 + 11*u**3/6 + 3*u**2. What are the prime factors of h(8)?
7, 13
Let u be (-8)/(-12) + (-2885)/(-15). Suppose 4*a = -4*s + 700, s = -0*s + 5*a + u. What are the prime factors of s?
2, 89
Suppose 47*b + 478 = 48*b. List the prime factors of b.
2, 239
Let z(g) = 2*g**2 - 23*g + 12. What are the prime factors of z(13)?
3, 17
Suppose -11*u + 56*u = 102870. What are the prime factors of u?
2, 3, 127
Suppose 5*k - 11*k + 6 = 0. Let g(j) = -4*j - k + 2*j**2 - 5*j**3 +